emainder when 267155 is divided by 545?
105
Calculate the remainder when 69413209 is divided by 119.
33
What is the remainder when 285661 is divided by 288?
253
What is the remainder when 61857778 is divided by 641?
637
Calculate the remainder when 14826 is divided by 1335.
141
Calculate the remainder when 13229 is divided by 1041.
737
What is the remainder when 10994771 is divided by 33?
29
What is the remainder when 784569 is divided by 261426?
291
What is the remainder when 4229576 is divided by 484?
384
What is the remainder when 496583023 is divided by 5364?
5359
What is the remainder when 10445218 is divided by 4385?
148
What is the remainder when 8167288 is divided by 2722428?
4
What is the remainder when 199705 is divided by 66334?
703
What is the remainder when 5218119 is divided by 550?
269
Calculate the remainder when 104891979 is divided by 39.
36
What is the remainder when 21230954 is divided by 7076984?
2
What is the remainder when 213710 is divided by 11847?
464
Calculate the remainder when 91190 is divided by 1559.
768
What is the remainder when 2391345 is divided by 1272?
1257
What is the remainder when 10309299 is divided by 401?
391
Calculate the remainder when 1672389 is divided by 1355.
319
What is the remainder when 5825 is divided by 617?
272
What is the remainder when 204149 is divided by 4988?
4629
Calculate the remainder when 496363 is divided by 248164.
35
What is the remainder when 18508231 is divided by 9254115?
1
Calculate the remainder when 90477 is divided by 29650.
1527
What is the remainder when 1284449 is divided by 10?
9
What is the remainder when 5733626 is divided by 1660?
1646
What is the remainder when 22471 is divided by 3744?
7
Calculate the remainder when 5550500 is divided by 425.
0
What is the remainder when 143326515 is divided by 71663253?
9
Calculate the remainder when 5127705 is divided by 732529.
2
What is the remainder when 1985563 is divided by 992753?
57
Calculate the remainder when 802435 is divided by 18660.
55
Calculate the remainder when 8264729 is divided by 125223.
11
Calculate the remainder when 94253162 is divided by 12469.
12460
Calculate the remainder when 31417 is divided by 288.
25
Calculate the remainder when 49043199 is divided by 3200.
3199
Calculate the remainder when 1872734 is divided by 267532.
10
What is the remainder when 45099701 is divided by 221?
10
What is the remainder when 3336152 is divided by 127?
116
Calculate the remainder when 6255 is divided by 5447.
808
Calculate the remainder when 29343 is divided by 2244.
171
Calculate the remainder when 390699917 is divided by 65.
62
What is the remainder when 1385099063 is divided by 26?
23
What is the remainder when 7224440 is divided by 68803?
125
What is the remainder when 30068 is divided by 436?
420
Calculate the remainder when 350541 is divided by 20548.
1225
Calculate the remainder when 19272346 is divided by 104.
2
What is the remainder when 99861 is divided by 49930?
1
What is the remainder when 118964941 is divided by 60?
1
What is the remainder when 130778 is divided by 138?
92
What is the remainder when 100903814 is divided by 29?
25
Calculate the remainder when 1307067 is divided by 217691.
921
What is the remainder when 8027387 is divided by 62?
61
Calculate the remainder when 19577805 is divided by 137.
94
What is the remainder when 1009227 is divided by 1008983?
244
Calculate the remainder when 1070507 is divided by 76448.
235
What is the remainder when 296145 is divided by 147299?
1547
What is the remainder when 286526187 is divided by 565?
562
What is the remainder when 3103915 is divided by 3352?
3315
Calculate the remainder when 348199 is divided by 9944.
159
Calculate the remainder when 107958 is divided by 35748.
714
Calculate the remainder when 1455092 is divided by 3656.
4
Calculate the remainder when 277471 is divided by 242.
139
Calculate the remainder when 315306 is divided by 177.
69
What is the remainder when 18935894 is divided by 30?
14
What is the remainder when 95771 is divided by 1430?
1391
What is the remainder when 6465524 is divided by 200?
124
What is the remainder when 258532408 is divided by 1174?
1172
Calculate the remainder when 2399659 is divided by 65.
54
Calculate the remainder when 25750846 is divided by 4274.
4270
Calculate the remainder when 275717799 is divided by 148.
15
Calculate the remainder when 1451292 is divided by 321.
51
Calculate the remainder when 109706 is divided by 71.
11
Calculate the remainder when 37367340 is divided by 43.
39
What is the remainder when 2852835 is divided by 846?
123
What is the remainder when 1242648 is divided by 290?
288
What is the remainder when 65872277 is divided by 513?
512
Calculate the remainder when 964557 is divided by 1442.
1301
Calculate the remainder when 6634503 is divided by 3316921.
661
What is the remainder when 90379 is divided by 45168?
43
What is the remainder when 241644 is divided by 1672?
876
What is the remainder when 234256 is divided by 123?
64
What is the remainder when 1070199 is divided by 3006?
63
What is the remainder when 4188044 is divided by 1395555?
1379
What is the remainder when 25165470 is divided by 1014?
18
What is the remainder when 7061952 is divided by 356?
336
What is the remainder when 98432 is divided by 5114?
1266
What is the remainder when 1503342 is divided by 265?
262
Calculate the remainder when 8353850 is divided by 10163.
10027
Calculate the remainder when 74402 is divided by 56.
34
Calculate the remainder when 14860377 is divided by 2849.
2842
Calculate the remainder when 584317 is divided by 116858.
27
What is the remainder when 720008 is divided by 14399?
58
What is the remainder when 50683581 is divided by 5068357?
11
What is the remainder when 2360937 is divided by 50?
37
What is the remainder when 123426683 is divided by 172?
171
Calculate the remainder when 39752774 is divided by 236.
226
Calculate the remainder when 54116 is divided by 54005.
111
Calculate the remainder when 28861 is divided by 2058.
49
Calculate the remainder when 813949053 is divided by 3628.
3625
What is the remainder when 40025924 is divided by 25?
24
What is the remainder when 164483 is divided by 54733?
284
Calculate the remainder when 3902861 is divided by 9337.
9332
What is the remainder when 10637 is divided by 3459?
260
Calculate the remainder when 35562 is divided by 507.
72
Calculate the remainder when 876143157 is divided by 3265.
3262
What is the remainder when 336966 is divided by 414?
384
Calculate the remainder when 2217777 is divided by 158411.
23
What is the remainder when 904230 is divided by 180823?
115
What is the remainder when 406056 is divided by 1077?
27
Calculate the remainder when 25891771 is divided by 586.
533
What is the remainder when 34768 is divided by 362?
16
Calculate the remainder when 3157980 is divided by 835.
10
Calculate the remainder when 32415 is divided by 2778.
1857
What is the remainder when 380679709 is divided by 183?
181
Calculate the remainder when 92122 is divided by 22751.
1118
Calculate the remainder when 62115419 is divided by 6211541.
9
What is the remainder when 1641335 is divided by 3456?
3191
What is the remainder when 1640730 is divided by 56576?
26
What is the remainder when 13107 is divided by 32?
19
Calculate the remainder when 97952 is divided by 97819.
133
What is the remainder when 7679497 is divided by 2559806?
79
What is the remainder when 2776856 is divided by 703?
6
Calculate the remainder when 89549 is divided by 11395.
9784
Calculate the remainder when 1512600 is divided by 464.
424
Calculate the remainder when 70686610 is divided by 2711.
2707
Calculate the remainder when 11795498 is divided by 2948801.
294
Calculate the remainder when 175711 is divided by 116.
87
Calculate the remainder when 38282398 is divided by 3491.
92
Calculate the remainder when 9478098 is divided by 339.
336
What is the remainder when 12650037 is divided by 1530?
1527
Calculate the remainder when 1062845 is divided by 26527.
1765
What is the remainder when 3625951 is divided by 2215?
2211
What is the remainder when 3132789 is divided by 26?
23
What is the remainder when 744753 is divided by 744678?
75
What is the remainder when 27348441 is divided by 701242?
3
